{"id":3226,"date":"2017-08-12T20:51:48","date_gmt":"2017-08-12T19:51:48","guid":{"rendered":"http:\/\/agen.umc-europe.org\/eglise\/?page_id=3226"},"modified":"2017-12-27T18:43:30","modified_gmt":"2017-12-27T17:43:30","slug":"faq-spiritualite","status":"publish","type":"page","link":"https:\/\/agen.umc-europe.org\/eglise\/faq-spiritualite\/","title":{"rendered":"FAQ &#8211; Spiritualit\u00e9"},"content":{"rendered":"<p>Retrouvez dans cette Foire aux questions (FAQ) les th\u00e8mes principaux de la foi chr\u00e9tienne bas\u00e9s sur les textes de la Bible. Ils regroupent pour certains d&rsquo;entre eux, plusieurs messages pr\u00e9ch\u00e9s au cours des derni\u00e8res ann\u00e9es.<\/p>\n<p>Toutes les <a href=\"https:\/\/agen.umc-europe.org\/eglise\/ressources-bibliques\/messages-et-predications-audio\/\">pr\u00e9dications \u00e9vang\u00e9liques<\/a> de notre \u00e9glise class\u00e9es par date sont aussi disponible sur ce site.<\/p>\n<div style=\"display: block; border: 1px solid #888888; border-bottom: none; margin-bottom: 20px; margin-top: 0px;\">\n<p style=\"display: block; background: #888888; text-align: center; height: 27px; line-height: 25px; font-size: 16px; text-transform: uppercase; color: #fff; font-weight: normal; padding-left: 38px;\">Lexique des principaux th\u00e8mes bibliques<\/p>\n<div style=\"display: block; padding: 8px 8px; border-bottom: 1px solid #888888;\">\n<h5><a title=\"L'amour de Dieu\" href=\"https:\/\/agen.umc-europe.org\/eglise\/les-4-dimensions-amour-de-dieu-ephesiens\/\"><img loading=\"lazy\" decoding=\"async\" class=\"alignright\" title=\"L'amour de Dieu\" src=\"https:\/\/agen.umc-europe.org\/eglise\/wp-content\/uploads\/2017\/06\/amour-de-dieu-150x150.jpg\" alt=\"L'amour de Dieu\" width=\"150\" height=\"150\" \/>L\u2019amour de Dieu<\/a><\/h5>\n<p>M\u00e9ditation sur les textes de l&rsquo;\u00e9pitre de Paul aux Eph\u00e9siens 3v6-19 : L&rsquo;ap\u00f4tre Paul insiste sur l&rsquo;amour de Dieu pour que chacun d\u00e9couvre la pl\u00e9nitude de Dieu et qu\u2019ensuite cet amour se traduise en actes et en paroles dans nos vies.<\/p>\n<\/div>\n<div style=\"display: block; padding: 8px 8px; border-bottom: 1px solid #888888;\">\n<h5><a title=\"Dieu le Saint Esprit\" href=\"https:\/\/agen.umc-europe.org\/eglise\/faq-spiritualite\/saint-esprit\/\"><img loading=\"lazy\" decoding=\"async\" class=\"alignleft\" style=\"border: 0px;\" title=\"Dieu le Saint Esprit\" src=\"https:\/\/agen.umc-europe.org\/eglise\/wp-content\/uploads\/2017\/06\/les-dons-de-l-esprit-saint-150x150.jpg\" alt=\"Dieu le Saint Esprit\" width=\"150\" height=\"150\" \/>Dieu le Saint Esprit<\/a><\/h5>\n<p>Le Saint-Esprit est la troisi\u00e8me personne de la Trinit\u00e9 (Dieu en 3 personnes). Qui est-il ? Que fait-il ? D\u00e9couvrez ce que la Bible dit de l&rsquo;Esprit Saint et de son action dans la vie des chr\u00e9tiens depuis la Pentec\u00f4te.<\/p>\n<\/div>\n<div style=\"display: block; padding: 8px 8px; border-bottom: 1px solid #888888;\">\n<h5><a title=\"Le Plan du Salut\" href=\"https:\/\/agen.umc-europe.org\/eglise\/faq-spiritualite\/plan-du-salut\/\"><img loading=\"lazy\" decoding=\"async\" class=\"alignright\" title=\"Le Plan du Salut\" src=\"https:\/\/agen.umc-europe.org\/eglise\/wp-content\/uploads\/2017\/06\/noel-dieu-fait-homme-150x150.jpg\" alt=\"Le Plan du Salut\" width=\"150\" height=\"150\" \/>Le Plan du Salut en J\u00e9sus-Christ<\/a><\/h5>\n<p>D\u00e9couvrez en 9 enseignements bibliques, le plan de salut \u00e9ternel de Dieu pour tous les hommes en J\u00e9sus-Christ. La Bible affirme en Jean 3v16, que \u00ab\u00a0Dieu a tant aim\u00e9 le monde qu&rsquo;il a donn\u00e9 son Fils unique, afin que quiconque croit en lui ne p\u00e9risse pas, mais qu&rsquo;il ait la vie \u00e9ternelle\u00a0\u00bb. Et qu&rsquo;en est-il pour vous ? Il n&rsquo;est jamais trop tard pour repartir \u00e0 z\u00e9ro.<\/p>\n<\/div>\n<div style=\"display: block; padding: 8px 8px; border-bottom: 1px solid #888888;\">\n<h5><a title=\"Les Psaumes\" href=\"https:\/\/agen.umc-europe.org\/eglise\/faq-spiritualite\/les-psaumes\/\"><img loading=\"lazy\" decoding=\"async\" class=\"alignleft\" style=\"border: 0px;\" title=\"Les Psaumes\" src=\"https:\/\/agen.umc-europe.org\/eglise\/wp-content\/uploads\/2017\/06\/rocher-inaccessible-150x150.jpg\" alt=\"Les Psaumes\" width=\"150\" height=\"150\" \/>Les psaumes dans la Bible<\/a><\/h5>\n<p>Les psaumes (ou le livre des psaumes) sont un recueil de po\u00e8mes religieux qui \u00e9taient le plus souvent chant\u00e9es dans le temple en Isra\u00ebl. Il y a 150 psaumes r\u00e9dig\u00e9s par le roi David, les fils de Kor\u00e9 ou la famille d&rsquo;Asaph, qui \u00e9taient musiciens et chantres du peuple de Dieu.<\/p>\n<\/div>\n<div style=\"display: block; padding: 8px 8px; border-bottom: 1px solid #888888;\">\n<h5><a title=\"L'\u00e9glise de J\u00e9sus-Christ\" href=\"https:\/\/agen.umc-europe.org\/eglise\/faq-spiritualite\/eglise-de-jesus-christ\/\"><img loading=\"lazy\" decoding=\"async\" class=\"alignright\" title=\"L'\u00e9glise de J\u00e9sus-Christ\" src=\"https:\/\/agen.umc-europe.org\/eglise\/wp-content\/uploads\/2017\/09\/vie-eglise-fruits-150x150.jpg\" alt=\"L'\u00e9glise de J\u00e9sus-Christ\" width=\"150\" height=\"150\" \/>L&rsquo;\u00e9glise de J\u00e9sus-Christ<\/a><\/h5>\n<p>Qu&rsquo;est ce que l&rsquo;\u00e9glise dans la Bible ? Un b\u00e2timent ? Une d\u00e9nomination ? Non; c&rsquo;est une assembl\u00e9e de croyants unis en J\u00e9sus-Christ. Ensemble ils se retrouvent pour louer Dieu par des chants et de pri\u00e8res. Ils sont en quelques sortes des ambassadeurs de J\u00e9sus sur cette terre. Retrouvez ici les principaux enseignements de la Bible sur le sujet de l&rsquo;\u00e9glise.<\/p>\n<\/div>\n<\/div>\n","protected":false},"excerpt":{"rendered":"<p>Retrouvez dans cette Foire aux questions (FAQ) les th\u00e8mes principaux de la foi chr\u00e9tienne bas\u00e9s sur les textes de la Bible. Ils regroupent pour certains d&rsquo;entre eux, plusieurs messages pr\u00e9ch\u00e9s au cours des derni\u00e8res ann\u00e9es. Toutes les pr\u00e9dications \u00e9vang\u00e9liques de notre \u00e9glise class\u00e9es par date sont aussi disponible sur ce&#8230;<\/p>\n","protected":false},"author":2,"featured_media":0,"parent":0,"menu_order":0,"comment_status":"closed","ping_status":"closed","template":"","meta":{"_monsterinsights_skip_tracking":false,"_monsterinsights_sitenote_active":false,"_monsterinsights_sitenote_note":"","_monsterinsights_sitenote_category":0,"footnotes":""},"yoast_head":"<!-- This site is optimized with the Yoast SEO plugin v21.9.1 - https:\/\/yoast.com\/wordpress\/plugins\/seo\/ -->\n<title>FAQ - Spiritualit\u00e9 - \u00c9glise Protestante \u00c9vang\u00e9lique M\u00e9thodiste Agen<\/title>\n<meta name=\"description\" content=\"Retrouvez ici tous les th\u00e8mes principaux de la foi chr\u00e9tienne.\" \/>\n<meta name=\"robots\" content=\"index, follow, max-snippet:-1, max-image-preview:large, max-video-preview:-1\" \/>\n<link rel=\"canonical\" href=\"https:\/\/agen.umc-europe.org\/eglise\/faq-spiritualite\/\" \/>\n<meta property=\"og:locale\" content=\"fr_FR\" \/>\n<meta property=\"og:type\" content=\"article\" \/>\n<meta property=\"og:title\" content=\"FAQ - Spiritualit\u00e9 - \u00c9glise Protestante \u00c9vang\u00e9lique M\u00e9thodiste Agen\" \/>\n<meta property=\"og:description\" content=\"Retrouvez ici tous les th\u00e8mes principaux de la foi chr\u00e9tienne.\" \/>\n<meta property=\"og:url\" content=\"https:\/\/agen.umc-europe.org\/eglise\/faq-spiritualite\/\" \/>\n<meta property=\"og:site_name\" content=\"\u00c9glise Protestante \u00c9vang\u00e9lique M\u00e9thodiste Agen\" \/>\n<meta property=\"article:publisher\" content=\"https:\/\/www.facebook.com\/EgliseAgen\/\" \/>\n<meta property=\"article:modified_time\" content=\"2017-12-27T17:43:30+00:00\" \/>\n<meta property=\"og:image\" content=\"https:\/\/agen.umc-europe.org\/eglise\/wp-content\/uploads\/2017\/06\/amour-de-dieu-150x150.jpg\" \/>\n<meta name=\"twitter:card\" content=\"summary_large_image\" \/>\n<meta name=\"twitter:site\" content=\"@EgliseAgen\" \/>\n<meta name=\"twitter:label1\" content=\"Dur\u00e9e de lecture estim\u00e9e\" \/>\n\t<meta name=\"twitter:data1\" content=\"2 minutes\" \/>\n<script type=\"application\/ld+json\" class=\"yoast-schema-graph\">{\"@context\":\"https:\/\/schema.org\",\"@graph\":[{\"@type\":\"WebPage\",\"@id\":\"https:\/\/agen.umc-europe.org\/eglise\/faq-spiritualite\/\",\"url\":\"https:\/\/agen.umc-europe.org\/eglise\/faq-spiritualite\/\",\"name\":\"FAQ - Spiritualit\u00e9 - \u00c9glise Protestante \u00c9vang\u00e9lique M\u00e9thodiste Agen\",\"isPartOf\":{\"@id\":\"https:\/\/agen.umc-europe.org\/eglise\/#website\"},\"datePublished\":\"2017-08-12T19:51:48+00:00\",\"dateModified\":\"2017-12-27T17:43:30+00:00\",\"description\":\"Retrouvez ici tous les th\u00e8mes principaux de la foi chr\u00e9tienne.\",\"breadcrumb\":{\"@id\":\"https:\/\/agen.umc-europe.org\/eglise\/faq-spiritualite\/#breadcrumb\"},\"inLanguage\":\"fr-FR\",\"potentialAction\":[{\"@type\":\"ReadAction\",\"target\":[\"https:\/\/agen.umc-europe.org\/eglise\/faq-spiritualite\/\"]}]},{\"@type\":\"BreadcrumbList\",\"@id\":\"https:\/\/agen.umc-europe.org\/eglise\/faq-spiritualite\/#breadcrumb\",\"itemListElement\":[{\"@type\":\"ListItem\",\"position\":1,\"name\":\"Accueil\",\"item\":\"https:\/\/agen.umc-europe.org\/eglise\/\"},{\"@type\":\"ListItem\",\"position\":2,\"name\":\"FAQ &#8211; Spiritualit\u00e9\"}]},{\"@type\":\"WebSite\",\"@id\":\"https:\/\/agen.umc-europe.org\/eglise\/#website\",\"url\":\"https:\/\/agen.umc-europe.org\/eglise\/\",\"name\":\"\u00c9glise Protestante \u00c9vang\u00e9lique M\u00e9thodiste Agen\",\"description\":\"Des chr\u00e9tiens \u00e9vang\u00e9liques au coeur du Lot et Garonne. &quot;Viens et vois!&quot; ( Jean 1:47 )\",\"potentialAction\":[{\"@type\":\"SearchAction\",\"target\":{\"@type\":\"EntryPoint\",\"urlTemplate\":\"https:\/\/agen.umc-europe.org\/eglise\/?s={search_term_string}\"},\"query-input\":\"required name=search_term_string\"}],\"inLanguage\":\"fr-FR\"}]}<\/script>\n<!-- \/ Yoast SEO plugin. -->","yoast_head_json":{"title":"FAQ - Spiritualit\u00e9 - \u00c9glise Protestante \u00c9vang\u00e9lique M\u00e9thodiste Agen","description":"Retrouvez ici tous les th\u00e8mes principaux de la foi chr\u00e9tienne.","robots":{"index":"index","follow":"follow","max-snippet":"max-snippet:-1","max-image-preview":"max-image-preview:large","max-video-preview":"max-video-preview:-1"},"canonical":"https:\/\/agen.umc-europe.org\/eglise\/faq-spiritualite\/","og_locale":"fr_FR","og_type":"article","og_title":"FAQ - Spiritualit\u00e9 - \u00c9glise Protestante \u00c9vang\u00e9lique M\u00e9thodiste Agen","og_description":"Retrouvez ici tous les th\u00e8mes principaux de la foi chr\u00e9tienne.","og_url":"https:\/\/agen.umc-europe.org\/eglise\/faq-spiritualite\/","og_site_name":"\u00c9glise Protestante \u00c9vang\u00e9lique M\u00e9thodiste Agen","article_publisher":"https:\/\/www.facebook.com\/EgliseAgen\/","article_modified_time":"2017-12-27T17:43:30+00:00","og_image":[{"url":"https:\/\/agen.umc-europe.org\/eglise\/wp-content\/uploads\/2017\/06\/amour-de-dieu-150x150.jpg"}],"twitter_card":"summary_large_image","twitter_site":"@EgliseAgen","twitter_misc":{"Dur\u00e9e de lecture estim\u00e9e":"2 minutes"},"schema":{"@context":"https:\/\/schema.org","@graph":[{"@type":"WebPage","@id":"https:\/\/agen.umc-europe.org\/eglise\/faq-spiritualite\/","url":"https:\/\/agen.umc-europe.org\/eglise\/faq-spiritualite\/","name":"FAQ - Spiritualit\u00e9 - \u00c9glise Protestante \u00c9vang\u00e9lique M\u00e9thodiste Agen","isPartOf":{"@id":"https:\/\/agen.umc-europe.org\/eglise\/#website"},"datePublished":"2017-08-12T19:51:48+00:00","dateModified":"2017-12-27T17:43:30+00:00","description":"Retrouvez ici tous les th\u00e8mes principaux de la foi chr\u00e9tienne.","breadcrumb":{"@id":"https:\/\/agen.umc-europe.org\/eglise\/faq-spiritualite\/#breadcrumb"},"inLanguage":"fr-FR","potentialAction":[{"@type":"ReadAction","target":["https:\/\/agen.umc-europe.org\/eglise\/faq-spiritualite\/"]}]},{"@type":"BreadcrumbList","@id":"https:\/\/agen.umc-europe.org\/eglise\/faq-spiritualite\/#breadcrumb","itemListElement":[{"@type":"ListItem","position":1,"name":"Accueil","item":"https:\/\/agen.umc-europe.org\/eglise\/"},{"@type":"ListItem","position":2,"name":"FAQ &#8211; Spiritualit\u00e9"}]},{"@type":"WebSite","@id":"https:\/\/agen.umc-europe.org\/eglise\/#website","url":"https:\/\/agen.umc-europe.org\/eglise\/","name":"\u00c9glise Protestante \u00c9vang\u00e9lique M\u00e9thodiste Agen","description":"Des chr\u00e9tiens \u00e9vang\u00e9liques au coeur du Lot et Garonne. &quot;Viens et vois!&quot; ( Jean 1:47 )","potentialAction":[{"@type":"SearchAction","target":{"@type":"EntryPoint","urlTemplate":"https:\/\/agen.umc-europe.org\/eglise\/?s={search_term_string}"},"query-input":"required name=search_term_string"}],"inLanguage":"fr-FR"}]}},"_links":{"self":[{"href":"https:\/\/agen.umc-europe.org\/eglise\/wp-json\/wp\/v2\/pages\/3226"}],"collection":[{"href":"https:\/\/agen.umc-europe.org\/eglise\/wp-json\/wp\/v2\/pages"}],"about":[{"href":"https:\/\/agen.umc-europe.org\/eglise\/wp-json\/wp\/v2\/types\/page"}],"author":[{"embeddable":true,"href":"https:\/\/agen.umc-europe.org\/eglise\/wp-json\/wp\/v2\/users\/2"}],"replies":[{"embeddable":true,"href":"https:\/\/agen.umc-europe.org\/eglise\/wp-json\/wp\/v2\/comments?post=3226"}],"version-history":[{"count":16,"href":"https:\/\/agen.umc-europe.org\/eglise\/wp-json\/wp\/v2\/pages\/3226\/revisions"}],"predecessor-version":[{"id":4794,"href":"https:\/\/agen.umc-europe.org\/eglise\/wp-json\/wp\/v2\/pages\/3226\/revisions\/4794"}],"wp:attachment":[{"href":"https:\/\/agen.umc-europe.org\/eglise\/wp-json\/wp\/v2\/media?parent=3226"}],"curies":[{"name":"wp","href":"https:\/\/api.w.org\/{rel}","templated":true}]}}