{"id":3192,"date":"2017-08-12T20:22:24","date_gmt":"2017-08-12T19:22:24","guid":{"rendered":"http:\/\/agen.umc-europe.org\/eglise\/?page_id=3192"},"modified":"2017-12-27T17:19:20","modified_gmt":"2017-12-27T16:19:20","slug":"saint-esprit","status":"publish","type":"page","link":"https:\/\/agen.umc-europe.org\/eglise\/faq-spiritualite\/saint-esprit\/","title":{"rendered":"L&rsquo;Esprit saint, Dieu le Saint Esprit"},"content":{"rendered":"<p>D\u00e8s que nous essayons d\u2019enfermer Dieu dans notre compr\u00e9hension et selon notre pens\u00e9e, nous risquons fort de faire un Dieu \u00e0 notre image. C\u2019est le probl\u00e8me de toutes les religions. Dans la <a href=\"https:\/\/agen.umc-europe.org\/eglise\/matthieu-5v17-20-la-bible-est-elle-sans-erreurs\/\">Bible, la Parole de Dieu<\/a>, nous d\u00e9couvrons ce que Dieu nous dit de lui-m\u00eame.\u00a0Je vous propose de nous arr\u00eater sur <strong>Dieu le Saint Esprit<\/strong>. Ce point est essentiel dans la Bible et par voie de cons\u00e9quence dans notre vie. Dans toute la Bible il nous est parl\u00e9 du Saint Esprit. <strong>Ce ne peut pas \u00eatre qu\u2019une th\u00e9orie, une doctrine\u00a0: l\u2019action de l&rsquo;Esprit Saint est concr\u00e8te<\/strong>. Heureusement, il agit quand m\u00eame, au-del\u00e0 de notre petite connaissance\u00a0! Et comme dans beaucoup de domaines de la foi, celui qui n\u00e9glige ce que Dieu propose ne conna\u00eet pas son action.<\/p>\n<div style=\"display: block; border: 1px solid #888888; border-bottom: none; margin-bottom: 20px; margin-top: 0px;\">\n<p style=\"display: block; background: #888888; text-align: center; height: 27px; line-height: 25px; font-size: 16px; text-transform: uppercase; color: #fff; font-weight: normal; padding-left: 38px;\">Le Saint-Esprit dans la Bible<\/p>\n<div style=\"display: block; padding: 8px 8px; border-bottom: 1px solid #888888;\">\n<h5><a href=\"https:\/\/agen.umc-europe.org\/eglise\/qui-est-dieu-le-saint-esprit-dans-ancien-testament\/\"><img loading=\"lazy\" decoding=\"async\" class=\"alignleft\" style=\"border: 0px;\" title=\"L'esprit saint dans l'ancien testament\" src=\"https:\/\/agen.umc-europe.org\/eglise\/wp-content\/uploads\/2017\/06\/saint-esprit-ancien-testament-150x150.jpg\" alt=\"L'esprit saint dans l'ancien testament\" width=\"150\" height=\"150\" \/><\/a><a href=\"https:\/\/agen.umc-europe.org\/eglise\/qui-est-dieu-le-saint-esprit-dans-ancien-testament\/\">Le\u00a0Saint Esprit dans l&rsquo;ancien testament<\/a><\/h5>\n<p>Observons ce que l&rsquo;ancien testament dit de<strong> Dieu le Saint Esprit<\/strong>. D\u00e9j\u00e0 il\u00a0agissait avec puissance et avec sagesse, pour donner aux \u00eatres humains ce qui leur manquait.\u00a0Mais son action, dans l\u2019Ancienne Alliance, \u00e9tait limit\u00e9e \u00e0 certaines personnes, \u00e0 certains moments.<\/p>\n<\/div>\n<div style=\"display: block; padding: 8px 8px; border-bottom: 1px solid #888888;\">\n<h5><a title=\"Le Saint-Esprit : l\u2019enseignement de J\u00e9sus et des ap\u00f4tres\" href=\"https:\/\/agen.umc-europe.org\/eglise\/saint-esprit-enseignement-de-jesus-et-des-apotres\/\"><img loading=\"lazy\" decoding=\"async\" class=\"alignright\" title=\"Le Saint-Esprit : l\u2019enseignement de J\u00e9sus et des ap\u00f4tres\" src=\"https:\/\/agen.umc-europe.org\/eglise\/wp-content\/uploads\/2017\/06\/le-saint-esprit-enseignement-de-jesus-150x150.jpg\" alt=\"Le Saint-Esprit : l\u2019enseignement de J\u00e9sus et des ap\u00f4tres\" width=\"150\" height=\"150\" \/><br \/>\nLe Saint-Esprit : l\u2019enseignement de J\u00e9sus et des ap\u00f4tres<\/a><\/h5>\n<p>Apr\u00e8s avoir fait un survol de l\u2019action du Saint Esprit dans l\u2019Ancienne Alliance, nous allons voir comment le Nouveau Testament nous pr\u00e9sente l\u2019Esprit Saint et comment cela se traduit dans la vie des hommes et des femmes qui se sont tourn\u00e9s vers le Seigneur.<\/p>\n<\/div>\n<div style=\"display: block; padding: 8px 8px; border-bottom: 1px solid #888888;\">\n<h5>\u00a0<a href=\"https:\/\/agen.umc-europe.org\/eglise\/1-corinthiens-12v27-31-dons-de-lesprit-equipent-leglise\/\"><img loading=\"lazy\" decoding=\"async\" class=\"alignleft\" style=\"border: 0px;\" title=\"Les dons de l'esprit saint\" src=\"https:\/\/agen.umc-europe.org\/eglise\/wp-content\/uploads\/2017\/06\/les-dons-de-l-esprit-saint-150x150.jpg\" alt=\"Les dons de l'esprit saint\" width=\"150\" height=\"150\" \/><\/a><a title=\"Quels sont les dons de l'Esprit saint?\" href=\"https:\/\/agen.umc-europe.org\/eglise\/1-corinthiens-12v27-31-dons-de-lesprit-equipent-leglise\/\">Quels sont les dons de l&rsquo;Esprit saint? <\/a><\/h5>\n<p>A la diff\u00e9rence du fruit de l\u2019Esprit (Galates 5v22) qui est donn\u00e9 pour que tous les chr\u00e9tiens le vivent, les dons spirituels sont cette capacit\u00e9 qui vient de Dieu pour \u00eatre v\u00e9cus dans le cadre de l\u2019Eglise et pour elle ; ils ont une dimension surnaturelle, qui d\u00e9passe les capacit\u00e9s humaines.<\/p>\n<\/div>\n<div style=\"display: block; padding: 8px 8px; border-bottom: 1px solid #888888;\">\n<h5><a href=\"https:\/\/agen.umc-europe.org\/eglise\/les-transformations-par-le-saint-esprit-jean-20v19-21-actes-2v1-8\/\"><img loading=\"lazy\" decoding=\"async\" class=\"alignright\" title=\"Les transformations par le Saint-Esprit\" src=\"https:\/\/agen.umc-europe.org\/eglise\/wp-content\/uploads\/2017\/06\/transformation-saint-esprit-150x150.jpg\" alt=\"Les transformations par le Saint-Esprit\" width=\"150\" height=\"150\" \/><\/a><a href=\"https:\/\/agen.umc-europe.org\/eglise\/les-transformations-par-le-saint-esprit-jean-20v19-21-actes-2v1-8\/\">Les transformations par le Saint-Esprit<\/a><\/h5>\n<p>Il y a pr\u00e8s de 20 si\u00e8cles survenait un \u00e9v\u00e8nement qui a boulevers\u00e9 des milliers de personnes. La<strong>\u00a0venue du Saint-Esprit<\/strong>\u00a0et la transformation qui s\u2019en est suivie a \u00e9t\u00e9 extraordinaire\u00a0! Dieu<span style=\"line-height: inherit;\">\u00a0veut continuer \u00e0 l\u2019accomplir aujourd\u2019hui. Mais a-t-on besoin d\u2019\u00eatre transform\u00e9\u2026\u00a0?\u00a0Quelles ont \u00e9t\u00e9 ces transformations\u00a0?<\/span><\/p>\n<\/div>\n<div style=\"display: block; padding: 8px 8px; border-bottom: 1px solid #888888;\">\n<h5><a href=\"https:\/\/agen.umc-europe.org\/eglise\/de-babel-a-la-pentecote-dieu-intervient\/\"><img loading=\"lazy\" decoding=\"async\" class=\"alignleft\" title=\"De Babel \u00e0 la Pentec\u00f4te : Dieu intervient !\" src=\"https:\/\/agen.umc-europe.org\/eglise\/wp-content\/uploads\/2017\/06\/de-Babel-a-la-pentecote-150x150.jpg\" alt=\"De Babel \u00e0 la Pentec\u00f4te : Dieu intervient !\" width=\"150\" height=\"150\" \/><\/a><a href=\"https:\/\/agen.umc-europe.org\/eglise\/de-babel-a-la-pentecote-dieu-intervient\/\">De Babel \u00e0 la Pentec\u00f4te : l&rsquo;Esprit de Dieu intervient !<\/a><\/h5>\n<p>Il y a 1980 ans : les p\u00e8lerins \u00e9taient r\u00e9unis \u00e0 J\u00e9rusalem pour la f\u00eate des r\u00e9coltes, et ils entendent tout \u00e0 coup parler dans leurs langues, des \u00e9trangers venus \u00e0 J\u00e9rusalem. <strong>Signe de la venue de l\u2019Esprit de Dieu (\u00e0 Pentec\u00f4te)<\/strong>. Tandis que quelques milliers d\u2019ann\u00e9es auparavant, \u00e0 Babylone, les hommes \u00e9taient aussi r\u00e9unis. Et tout \u00e0 coup, ils se mettent \u00e0 parler de nombreuses langues diff\u00e9rentes (\u00e0 Babel). A partir de ce moment, ils se sont trouv\u00e9s \u00e9trangers les uns des autres.<\/p>\n<\/div>\n<\/div>\n","protected":false},"excerpt":{"rendered":"<p>D\u00e8s que nous essayons d\u2019enfermer Dieu dans notre compr\u00e9hension et selon notre pens\u00e9e, nous risquons fort de faire un Dieu \u00e0 notre image. C\u2019est le probl\u00e8me de toutes les religions. Dans la Bible, la Parole de Dieu, nous d\u00e9couvrons ce que Dieu nous dit de lui-m\u00eame.\u00a0Je vous propose de nous&#8230;<\/p>\n","protected":false},"author":2,"featured_media":0,"parent":3226,"menu_order":0,"comment_status":"closed","ping_status":"closed","template":"","meta":{"_monsterinsights_skip_tracking":false,"_monsterinsights_sitenote_active":false,"_monsterinsights_sitenote_note":"","_monsterinsights_sitenote_category":0,"footnotes":""},"yoast_head":"<!-- This site is optimized with the Yoast SEO plugin v21.9.1 - https:\/\/yoast.com\/wordpress\/plugins\/seo\/ -->\n<title>L&#039;Esprit saint, le Saint Esprit de Dieu - Spiritualit\u00e9 - FAQ<\/title>\n<meta name=\"description\" content=\"D\u00e9finition, vid\u00e9os, articles sur Dieu le Saint Esprit dans la Bible : pentec\u00f4te, dons de l&#039;esprit saint et transformations op\u00e9r\u00e9es par l&#039;Esprit de Dieu\" \/>\n<meta name=\"robots\" content=\"index, follow, max-snippet:-1, max-image-preview:large, max-video-preview:-1\" \/>\n<link rel=\"canonical\" href=\"https:\/\/agen.umc-europe.org\/eglise\/faq-spiritualite\/saint-esprit\/\" \/>\n<meta property=\"og:locale\" content=\"fr_FR\" \/>\n<meta property=\"og:type\" content=\"article\" \/>\n<meta property=\"og:title\" content=\"L&#039;Esprit saint, le Saint Esprit de Dieu - Spiritualit\u00e9 - FAQ\" \/>\n<meta property=\"og:description\" content=\"D\u00e9finition, vid\u00e9os, articles sur Dieu le Saint Esprit dans la Bible : pentec\u00f4te, dons de l&#039;esprit saint et transformations op\u00e9r\u00e9es par l&#039;Esprit de Dieu\" \/>\n<meta property=\"og:url\" content=\"https:\/\/agen.umc-europe.org\/eglise\/faq-spiritualite\/saint-esprit\/\" \/>\n<meta property=\"og:site_name\" content=\"\u00c9glise Protestante \u00c9vang\u00e9lique M\u00e9thodiste Agen\" \/>\n<meta property=\"article:publisher\" content=\"https:\/\/www.facebook.com\/EgliseAgen\/\" \/>\n<meta property=\"article:modified_time\" content=\"2017-12-27T16:19:20+00:00\" \/>\n<meta property=\"og:image\" content=\"https:\/\/agen.umc-europe.org\/eglise\/wp-content\/uploads\/2017\/06\/saint-esprit-ancien-testament-150x150.jpg\" \/>\n<meta name=\"twitter:card\" content=\"summary_large_image\" \/>\n<meta name=\"twitter:site\" content=\"@EgliseAgen\" \/>\n<meta name=\"twitter:label1\" content=\"Dur\u00e9e de lecture estim\u00e9e\" \/>\n\t<meta name=\"twitter:data1\" content=\"2 minutes\" \/>\n<script type=\"application\/ld+json\" class=\"yoast-schema-graph\">{\"@context\":\"https:\/\/schema.org\",\"@graph\":[{\"@type\":\"WebPage\",\"@id\":\"https:\/\/agen.umc-europe.org\/eglise\/faq-spiritualite\/saint-esprit\/\",\"url\":\"https:\/\/agen.umc-europe.org\/eglise\/faq-spiritualite\/saint-esprit\/\",\"name\":\"L'Esprit saint, le Saint Esprit de Dieu - Spiritualit\u00e9 - FAQ\",\"isPartOf\":{\"@id\":\"https:\/\/agen.umc-europe.org\/eglise\/#website\"},\"datePublished\":\"2017-08-12T19:22:24+00:00\",\"dateModified\":\"2017-12-27T16:19:20+00:00\",\"description\":\"D\u00e9finition, vid\u00e9os, articles sur Dieu le Saint Esprit dans la Bible : pentec\u00f4te, dons de l'esprit saint et transformations op\u00e9r\u00e9es par l'Esprit de Dieu\",\"breadcrumb\":{\"@id\":\"https:\/\/agen.umc-europe.org\/eglise\/faq-spiritualite\/saint-esprit\/#breadcrumb\"},\"inLanguage\":\"fr-FR\",\"potentialAction\":[{\"@type\":\"ReadAction\",\"target\":[\"https:\/\/agen.umc-europe.org\/eglise\/faq-spiritualite\/saint-esprit\/\"]}]},{\"@type\":\"BreadcrumbList\",\"@id\":\"https:\/\/agen.umc-europe.org\/eglise\/faq-spiritualite\/saint-esprit\/#breadcrumb\",\"itemListElement\":[{\"@type\":\"ListItem\",\"position\":1,\"name\":\"Accueil\",\"item\":\"https:\/\/agen.umc-europe.org\/eglise\/\"},{\"@type\":\"ListItem\",\"position\":2,\"name\":\"FAQ &#8211; Spiritualit\u00e9\",\"item\":\"https:\/\/agen.umc-europe.org\/eglise\/faq-spiritualite\/\"},{\"@type\":\"ListItem\",\"position\":3,\"name\":\"L&rsquo;Esprit saint, Dieu le Saint Esprit\"}]},{\"@type\":\"WebSite\",\"@id\":\"https:\/\/agen.umc-europe.org\/eglise\/#website\",\"url\":\"https:\/\/agen.umc-europe.org\/eglise\/\",\"name\":\"\u00c9glise Protestante \u00c9vang\u00e9lique M\u00e9thodiste Agen\",\"description\":\"Des chr\u00e9tiens \u00e9vang\u00e9liques au coeur du Lot et Garonne. &quot;Viens et vois!&quot; ( Jean 1:47 )\",\"potentialAction\":[{\"@type\":\"SearchAction\",\"target\":{\"@type\":\"EntryPoint\",\"urlTemplate\":\"https:\/\/agen.umc-europe.org\/eglise\/?s={search_term_string}\"},\"query-input\":\"required name=search_term_string\"}],\"inLanguage\":\"fr-FR\"}]}<\/script>\n<!-- \/ Yoast SEO plugin. -->","yoast_head_json":{"title":"L'Esprit saint, le Saint Esprit de Dieu - Spiritualit\u00e9 - FAQ","description":"D\u00e9finition, vid\u00e9os, articles sur Dieu le Saint Esprit dans la Bible : pentec\u00f4te, dons de l'esprit saint et transformations op\u00e9r\u00e9es par l'Esprit de Dieu","robots":{"index":"index","follow":"follow","max-snippet":"max-snippet:-1","max-image-preview":"max-image-preview:large","max-video-preview":"max-video-preview:-1"},"canonical":"https:\/\/agen.umc-europe.org\/eglise\/faq-spiritualite\/saint-esprit\/","og_locale":"fr_FR","og_type":"article","og_title":"L'Esprit saint, le Saint Esprit de Dieu - Spiritualit\u00e9 - FAQ","og_description":"D\u00e9finition, vid\u00e9os, articles sur Dieu le Saint Esprit dans la Bible : pentec\u00f4te, dons de l'esprit saint et transformations op\u00e9r\u00e9es par l'Esprit de Dieu","og_url":"https:\/\/agen.umc-europe.org\/eglise\/faq-spiritualite\/saint-esprit\/","og_site_name":"\u00c9glise Protestante \u00c9vang\u00e9lique M\u00e9thodiste Agen","article_publisher":"https:\/\/www.facebook.com\/EgliseAgen\/","article_modified_time":"2017-12-27T16:19:20+00:00","og_image":[{"url":"https:\/\/agen.umc-europe.org\/eglise\/wp-content\/uploads\/2017\/06\/saint-esprit-ancien-testament-150x150.jpg"}],"twitter_card":"summary_large_image","twitter_site":"@EgliseAgen","twitter_misc":{"Dur\u00e9e de lecture estim\u00e9e":"2 minutes"},"schema":{"@context":"https:\/\/schema.org","@graph":[{"@type":"WebPage","@id":"https:\/\/agen.umc-europe.org\/eglise\/faq-spiritualite\/saint-esprit\/","url":"https:\/\/agen.umc-europe.org\/eglise\/faq-spiritualite\/saint-esprit\/","name":"L'Esprit saint, le Saint Esprit de Dieu - Spiritualit\u00e9 - FAQ","isPartOf":{"@id":"https:\/\/agen.umc-europe.org\/eglise\/#website"},"datePublished":"2017-08-12T19:22:24+00:00","dateModified":"2017-12-27T16:19:20+00:00","description":"D\u00e9finition, vid\u00e9os, articles sur Dieu le Saint Esprit dans la Bible : pentec\u00f4te, dons de l'esprit saint et transformations op\u00e9r\u00e9es par l'Esprit de Dieu","breadcrumb":{"@id":"https:\/\/agen.umc-europe.org\/eglise\/faq-spiritualite\/saint-esprit\/#breadcrumb"},"inLanguage":"fr-FR","potentialAction":[{"@type":"ReadAction","target":["https:\/\/agen.umc-europe.org\/eglise\/faq-spiritualite\/saint-esprit\/"]}]},{"@type":"BreadcrumbList","@id":"https:\/\/agen.umc-europe.org\/eglise\/faq-spiritualite\/saint-esprit\/#breadcrumb","itemListElement":[{"@type":"ListItem","position":1,"name":"Accueil","item":"https:\/\/agen.umc-europe.org\/eglise\/"},{"@type":"ListItem","position":2,"name":"FAQ &#8211; Spiritualit\u00e9","item":"https:\/\/agen.umc-europe.org\/eglise\/faq-spiritualite\/"},{"@type":"ListItem","position":3,"name":"L&rsquo;Esprit saint, Dieu le Saint Esprit"}]},{"@type":"WebSite","@id":"https:\/\/agen.umc-europe.org\/eglise\/#website","url":"https:\/\/agen.umc-europe.org\/eglise\/","name":"\u00c9glise Protestante \u00c9vang\u00e9lique M\u00e9thodiste Agen","description":"Des chr\u00e9tiens \u00e9vang\u00e9liques au coeur du Lot et Garonne. &quot;Viens et vois!&quot; ( Jean 1:47 )","potentialAction":[{"@type":"SearchAction","target":{"@type":"EntryPoint","urlTemplate":"https:\/\/agen.umc-europe.org\/eglise\/?s={search_term_string}"},"query-input":"required name=search_term_string"}],"inLanguage":"fr-FR"}]}},"_links":{"self":[{"href":"https:\/\/agen.umc-europe.org\/eglise\/wp-json\/wp\/v2\/pages\/3192"}],"collection":[{"href":"https:\/\/agen.umc-europe.org\/eglise\/wp-json\/wp\/v2\/pages"}],"about":[{"href":"https:\/\/agen.umc-europe.org\/eglise\/wp-json\/wp\/v2\/types\/page"}],"author":[{"embeddable":true,"href":"https:\/\/agen.umc-europe.org\/eglise\/wp-json\/wp\/v2\/users\/2"}],"replies":[{"embeddable":true,"href":"https:\/\/agen.umc-europe.org\/eglise\/wp-json\/wp\/v2\/comments?post=3192"}],"version-history":[{"count":18,"href":"https:\/\/agen.umc-europe.org\/eglise\/wp-json\/wp\/v2\/pages\/3192\/revisions"}],"predecessor-version":[{"id":4728,"href":"https:\/\/agen.umc-europe.org\/eglise\/wp-json\/wp\/v2\/pages\/3192\/revisions\/4728"}],"up":[{"embeddable":true,"href":"https:\/\/agen.umc-europe.org\/eglise\/wp-json\/wp\/v2\/pages\/3226"}],"wp:attachment":[{"href":"https:\/\/agen.umc-europe.org\/eglise\/wp-json\/wp\/v2\/media?parent=3192"}],"curies":[{"name":"wp","href":"https:\/\/api.w.org\/{rel}","templated":true}]}}