{"id":192,"date":"2014-08-30T08:59:29","date_gmt":"2014-08-30T07:59:29","guid":{"rendered":"http:\/\/agen.umc-europe.org\/eglise\/?page_id=192"},"modified":"2017-12-27T18:26:41","modified_gmt":"2017-12-27T17:26:41","slug":"notre-histoire-pasteur-nyffeler","status":"publish","type":"page","link":"https:\/\/agen.umc-europe.org\/eglise\/notre-histoire-introduction\/notre-histoire-pasteur-nyffeler\/","title":{"rendered":"Notre histoire &#8211; 2\u00e8me Guerre Mondiale (1931-46)"},"content":{"rendered":"<h2><em>Le Pasteur <span style=\"color: #000000;\">Werner Nyffeler et son \u00e9pouse Julie<\/span><\/em><\/h2>\n<p>A la date du 1er ao\u00fbt 1931, le pasteur W Nyffeler a repris ce travail missionnaire. Au culte d&rsquo;installation \u00e0 Agen, sont venues 8 personnes, 13 en septembre, 28 en octobre et le nombre variait entre 20-25. Le culte en allemand fut c\u00e9l\u00e9br\u00e9 r\u00e9guli\u00e8rement au deuxi\u00e8me dimanche du mois et, par ci par l\u00e0, il s&rsquo;est tenu un culte en fran\u00e7ais ou un culte bilingue. Sa femme tenait l&rsquo;<a title=\"Enfants et Jeunes\" href=\"https:\/\/agen.umc-europe.org\/eglise\/nos-activites\/enfants-et-jeunes-catechisme\/\">Ecole du Dimanche<\/a> avec 12 enfants chaque dimanche matin.<\/p>\n<p>En ao\u00fbt 1931 s&rsquo;est tenu le premier culte \u00e0 Toulouse avec 8 personnes. D&rsquo;abord aupr\u00e8s de familles suisses\u00a0aussi\u00a0\u00e0 Craman, Madron et Lacourtensourt. A partir de 1932, le Temple protestant a \u00e9t\u00e9 mis \u00e0 disposition pour le culte l&rsquo;apr\u00e8s-midi \u00e0 2 heures. Le soir, les membres se retrouvaient encore pour une \u00e9tude biblique \u00e0 la rue Matabiau, (un rendez-vous) qui \u00e9tait particuli\u00e8rement b\u00e9ni. En Septembre 1933, ce travail f\u00fbt confi\u00e9 ensuite au pasteur suisse Von MENJIC venu s&rsquo;installer \u00e0 Toulouse. Il s&rsquo;occupait aussi des activit\u00e9s dans le Sud du Gers en plus, pour assurer dans ce secteur la pr\u00e9dication et l&rsquo;instruction religieuse le dimanche et le jeudi.<\/p>\n<h2><em>Un minist\u00e8re dans le grand sud-ouest<\/em><\/h2>\n<p>Des cultes et \u00e9tudes bibliques ont \u00e9t\u00e9 organis\u00e9s \u00e0 Condom, Ligardes, Valence\/Baise, Beraut, Manien dans le Gers. A Lectoure, les cultes sont c\u00e9l\u00e9br\u00e9s au sein de plusieurs familles devenues membres. <a title=\"\u00c9tudes Bibliques\" href=\"https:\/\/agen.umc-europe.org\/eglise\/nos-activites\/etudes-bibliques-en-lot-et-garonne\/\"><strong>Tayrac<\/strong> <\/a>(47) n&rsquo;est desservi qu&rsquo;occasionnellement depuis 1933 ; un culte a lieu une fois tous les deux mois en alternance chez diverses familles qui se sont jointes \u00e0 notre Eglise. A Astaffort, les r\u00e9unions se faisaient r\u00e9guli\u00e8rement (tous les mois) \u00e0 La Clotte. A Bordeaux, c&rsquo;est essentiellement des jeunes gens qui se r\u00e9unissaient le troisi\u00e8me dimanche du mois pour le culte \u00e0 la Chapelle Evang\u00e9lique (19, rue de Barennes). Certains, qui sont rentr\u00e9s au pays depuis, t\u00e9moignent de leur reconnaissance pour tout ce que Dieu leur a donn\u00e9 \u00e0 travers la mission.<br \/>\nEn Dordogne, des c\u00e9l\u00e9bration de cultes eurent lieu \u00e0 Conte pr\u00e8s de Monpazier. En avril 1934, une famille comme des Alsaciens voisins de Vill\u00e9r\u00e9al se firent int\u00e9grer \u00e0 l&rsquo;Eglise comme membres. A ces deux endroits, on put vivre \u00e0 vue d&rsquo;oeil la force de la parole de Dieu, il y eut du nouveau dans ces familles.<\/p>\n<p>Des \u00e2mes perdues ont retrouv\u00e9 le chemin de la maison, des malades ont \u00e9t\u00e9 gu\u00e9ris suite \u00e0 la pri\u00e8re, des pauvres furent pourvus du n\u00e9cessaire, des gens en peine soign\u00e9s. Aux enfants comme aux adultes, le chemin vers Dieu fut pr\u00e9sent\u00e9. Le Seigneur a fait de grandes choses.<\/p>\n<h2><em>1933 \/ Minist\u00e8re diaconal de Soeur Marthe<\/em><\/h2>\n<p>Le 1er mars 1933, Dieu nous envoya par le Diaconat BETHESDA \u00e0 Strasbourg Soeur Marthe FEUERBACH. Elle prit en main le travail avec beaucoup d&rsquo;\u00e9nergie, ne s&rsquo;effraya devant rien et fut heureuse de pouvoir aider de ses conseils et de ses bras les femmes surcharg\u00e9es de travail.Tr\u00e8s souvent, elle fut appel\u00e9e comme sage-femme. Si, dans les familles, il y avait des enfants, elle leur racontait des histoires bibliques. C&rsquo;est un esprit et un service chr\u00e9tien qu&rsquo;elle introduisit dans toutes les maisons, o\u00f9 on l&rsquo;appelait. Apr\u00e8s l&rsquo;effondrement de la France, Soeur Marthe est revenue \u00e0 Strasbourg \u00e0 l&rsquo;automne 1940.<\/p>\n<h2><em>1934 \/ L&rsquo;Eglise d\u00e9m\u00e9nage de l&rsquo;Impasse Cuvier \u00e0 Cartou<\/em><\/h2>\n<p>Cette ann\u00e9e l\u00e0 l&rsquo;<a title=\"\u00e9glise Agen\" href=\"https:\/\/agen.umc-europe.org\/\">\u00e9glise \u00e0 Agen<\/a> comptait 52 membres inscrits, parmi lesquels certains n&rsquo;avaient qu&rsquo;un lien t\u00e9nu avec l&rsquo;\u00e9glise. En juillet eut lieu le d\u00e9m\u00e9nagement de l&rsquo;Impasse Cuvier \u00e0 Agen dans le logement r\u00e9cemment r\u00e9nov\u00e9 \u00e0 Cartou. Le 5 ao\u00fbt eut lieu l&rsquo;inauguration du nouveau lieu de culte ; la participation de pr\u00e8s comme de loin fut importante. Quand bien m\u00eame la maison f\u00fbt en retrait (du Centre-Ville), c&rsquo;\u00e9tait toujours mieux que par le pass\u00e9 en mati\u00e8re de logement et de lieu de rencontres. Notre soeur, rattach\u00e9e \u00e0 la communaut\u00e9, Marthe FEUERBACH, a eu sa chambre accueillante dans cette maison.<\/p>\n<h2><em>1938 \/ l&rsquo;EEM l&rsquo;heure de la grande fusion de l&rsquo;ERF<\/em><\/h2>\n<p>La fusion de deux ou trois Unions d&rsquo;Eglises se r\u00e9clamant de la R\u00e9forme constitue un \u00e9v\u00e9nement significatif. Cela eut n\u00e9anmoins des r\u00e9percussions dommageables dans le travail ici ou l\u00e0. A travers cette fusion, les consistoires d&rsquo;autan furent reform\u00e9s. Ces \u00e9v\u00e9nements ont \u00e9t\u00e9 de nature de compliquer la t\u00e2che du pasteur et le t\u00e9moignage de l&rsquo;Eglise locale, aussi curieux que cela puisse para\u00eetre !<\/p>\n<h2><em>Camps et colonies de vacances<\/em><\/h2>\n<p>Durant l&rsquo;\u00e9t\u00e9 1935 et 1936, nous avons pu tenir un camp d&rsquo;\u00e9t\u00e9 pour enfants. Le premier dura 4 semaines et fut suivi par 18 enfants, l&rsquo;autre dura 6 semaines et vit une participation de 36 enfants. Pour le financement, l&rsquo;aide nous est venue du Secr\u00e9tariat suisse pour l&rsquo;Etranger. Le matin et l&rsquo;apr\u00e8s-midi, il y eut une heure d&rsquo;enseignement biblique. A c\u00f4t\u00e9 de \u00e7a, nous faisions des excursions ; les baignades ensemble dans la Garonne remplissaient de joie les uns et les autres.<br \/>\nAu d\u00e9but, M. le docteur MESSINE, Maire d&rsquo;Agen, a examin\u00e9 tous les enfants avec beaucoup de soins dans le Dispensaire. Il y eut une tr\u00e8s forte demande de rencontres suite \u00e0 ce travail aupr\u00e8s de cette jeunesse en pleine croissance. C&rsquo;est ainsi que le 30 mai 1937 se tint la premi\u00e8re rencontre d&rsquo;anciens confirmants. On a exprim\u00e9 l\u00e0 le d\u00e9sir de se r\u00e9unir autant que faire se peut tous les 5e dimanches. C&rsquo;est ce qu&rsquo;il advint jusqu&rsquo;en 1939<\/p>\n<h2><em>1939 \/ Ann\u00e9es de guerre et de r\u00e9sistance<\/em><\/h2>\n<p>Alors \u00e9clata la guerre avec ses ind\u00e9niables cons\u00e9quences. L&rsquo;ann\u00e9e 1939 a \u00e9t\u00e9 l&rsquo;ann\u00e9e o\u00f9 des villages entiers d&rsquo;Alsace sont venues se r\u00e9fugier dans le Sud-Ouest. Et parmi ces r\u00e9fugi\u00e9s, il y eut des membres de nos Eglises, et m\u00eame tels ou tels de nos parents. Comme la plupart des hommes ont \u00e9t\u00e9 mobilis\u00e9s, on compta parmi les r\u00e9fugi\u00e9s surtout beaucoup de personnes \u00e2g\u00e9es, qui ne parlaient pas le fran\u00e7ais.<\/p>\n<p>Pendant la guerre le couple re\u00e7u de nombreux juifs dans le presbyt\u00e8re. Un t\u00e9moignage de cette \u00e9poque est disponible sur le site de l&rsquo;<a href=\"http:\/\/www.ajpn.org\/personne-Werner-Nyffeler-8088.html\" target=\"_blank\" rel=\"noopener\">ajpn<\/a>.<\/p>\n<h2><em>Formation de l&rsquo;association cultuelle<\/em><\/h2>\n<p>L&rsquo;Association fut form\u00e9e sur autorisation gouvernementale. Le gouvernement r\u00e9clamait, depuis 1938, que toutes les organisations, qui comptaient en leur sein des \u00e9trangers, leur demandent l&rsquo;autorisation de poursuivre leurs activit\u00e9s. Un jour, nous formul\u00e2mes une telle demande au Commissariat. Nous l&rsquo;adress\u00e2mes en tant qu&rsquo;<a title=\"Qui sommes nous ?\" href=\"https:\/\/agen.umc-europe.org\/eglise\/evangeliques\/\">Association Cultuelle<\/a>. Apr\u00e8s quelques temps, une fois notre demande examin\u00e9e par un Inspecteur de Police, un avis nous est parvenu, selon lequel nous n&rsquo;avions pas d&rsquo;autorisation \u00e0 r\u00e9clamer, mais \u00e0 nous contenter de faire une D\u00e9claration, la d\u00e9claration m\u00eame prescrite par la loi.<\/p>\n<p>Alors eut lieu l&rsquo;effondrement de la France et l&rsquo;arriv\u00e9e du gouvernement P\u00e9tain. Ce fut le temps des restrictions, mais aussi l&rsquo;heure o\u00f9 la communion fraternelle fut mise \u00e0 l&rsquo;\u00e9preuve. Des liens se renforcent par-del\u00e0 l&rsquo;\u00e9glise locale.<\/p>\n<h2><em>1943 \/ Installation d&rsquo;un autre pasteur dans la r\u00e9gion pour la desserte des Suisses<\/em><\/h2>\n<p>On peut noter un changement significatif dans le domaine eccl\u00e9sial en 1943. Le pasteur suisse DUPASQUIER est venu s&rsquo;installer \u00e0 N\u00e9rac. Il prit sous sa garde les Suisses de N\u00e9rac, Condom et Montr\u00e9al (Gers) et r\u00e9gion. Presque toutes les familles de la r\u00e9gion de Condom ont envoy\u00e9 leurs enfants \u00e0 l&rsquo;Ecole du Dimanche ou \u00e0 l&rsquo;Instruction religieuse de l&rsquo;Eglise R\u00e9form\u00e9e Evang\u00e9lique. Condom sera l&rsquo;annexe de l&rsquo;Eglise de N\u00e9rac.<\/p>\n<h2><em>1946 \/ Prise de possession de Catala<\/em><\/h2>\n<p>En conclusion apr\u00e8s 12 ans de minist\u00e8re, Dieu a offert un magnifique exaucement de pri\u00e8res en avril 1946 en permettant l&rsquo;acquisition du parc CATALA, maison comprise. Le 13 octobre, l&rsquo;Eglise ainsi que le Foyer de Jeunesse ont pu \u00eatre inaugur\u00e9s en pr\u00e9sence d&rsquo;une forte assistance. L&rsquo;Association Cultuelle Eglise Evang\u00e9lique d&rsquo;Agen, d\u00e9clar\u00e9e officiellement comme telle depuis le 14 mai 1946, a ainsi trouv\u00e9 son chez-soi.<\/p>\n<p>Le pasteur Nyffeler et sa famille quittent Agen en Novembre 1946 et seront remplac\u00e9s par la <a title=\"Notre histoire \u2013 La tranche Zimmermann (1946-1962)\" href=\"https:\/\/agen.umc-europe.org\/eglise\/notre-histoire-introduction\/notre-histoire-pasteur-zimmermann\/\">famille Zimmermann<\/a>.<\/p>\n","protected":false},"excerpt":{"rendered":"<p>Le Pasteur Werner Nyffeler et son \u00e9pouse Julie A la date du 1er ao\u00fbt 1931, le pasteur W Nyffeler a repris ce travail missionnaire. Au culte d&rsquo;installation \u00e0 Agen, sont venues 8 personnes, 13 en septembre, 28 en octobre et le nombre variait entre 20-25. Le culte en allemand fut&#8230;<\/p>\n","protected":false},"author":2,"featured_media":0,"parent":86,"menu_order":3,"comment_status":"open","ping_status":"closed","template":"","meta":{"_monsterinsights_skip_tracking":false,"_monsterinsights_sitenote_active":false,"_monsterinsights_sitenote_note":"","_monsterinsights_sitenote_category":0,"footnotes":""},"yoast_head":"<!-- This site is optimized with the Yoast SEO plugin v21.9.1 - https:\/\/yoast.com\/wordpress\/plugins\/seo\/ -->\n<title>Une \u00e9glise militante pendant la 2nde guerre mondiale<\/title>\n<meta name=\"description\" content=\"Une \u00e9glise militante pendant la 2nde guerre mondiale\" \/>\n<meta name=\"robots\" content=\"index, follow, max-snippet:-1, max-image-preview:large, max-video-preview:-1\" \/>\n<link rel=\"canonical\" href=\"https:\/\/agen.umc-europe.org\/eglise\/notre-histoire-introduction\/notre-histoire-pasteur-nyffeler\/\" \/>\n<meta property=\"og:locale\" content=\"fr_FR\" \/>\n<meta property=\"og:type\" content=\"article\" \/>\n<meta property=\"og:title\" content=\"Une \u00e9glise militante pendant la 2nde guerre mondiale\" \/>\n<meta property=\"og:description\" content=\"Une \u00e9glise militante pendant la 2nde guerre mondiale\" \/>\n<meta property=\"og:url\" content=\"https:\/\/agen.umc-europe.org\/eglise\/notre-histoire-introduction\/notre-histoire-pasteur-nyffeler\/\" \/>\n<meta property=\"og:site_name\" content=\"\u00c9glise Protestante \u00c9vang\u00e9lique M\u00e9thodiste Agen\" \/>\n<meta property=\"article:publisher\" content=\"https:\/\/www.facebook.com\/EgliseAgen\/\" \/>\n<meta property=\"article:modified_time\" content=\"2017-12-27T17:26:41+00:00\" \/>\n<meta name=\"twitter:card\" content=\"summary_large_image\" \/>\n<meta name=\"twitter:site\" content=\"@EgliseAgen\" \/>\n<meta name=\"twitter:label1\" content=\"Dur\u00e9e de lecture estim\u00e9e\" \/>\n\t<meta name=\"twitter:data1\" content=\"7 minutes\" \/>\n<script type=\"application\/ld+json\" class=\"yoast-schema-graph\">{\"@context\":\"https:\/\/schema.org\",\"@graph\":[{\"@type\":\"WebPage\",\"@id\":\"https:\/\/agen.umc-europe.org\/eglise\/notre-histoire-introduction\/notre-histoire-pasteur-nyffeler\/\",\"url\":\"https:\/\/agen.umc-europe.org\/eglise\/notre-histoire-introduction\/notre-histoire-pasteur-nyffeler\/\",\"name\":\"Une \u00e9glise militante pendant la 2nde guerre mondiale\",\"isPartOf\":{\"@id\":\"https:\/\/agen.umc-europe.org\/eglise\/#website\"},\"datePublished\":\"2014-08-30T07:59:29+00:00\",\"dateModified\":\"2017-12-27T17:26:41+00:00\",\"description\":\"Une \u00e9glise militante pendant la 2nde guerre mondiale\",\"breadcrumb\":{\"@id\":\"https:\/\/agen.umc-europe.org\/eglise\/notre-histoire-introduction\/notre-histoire-pasteur-nyffeler\/#breadcrumb\"},\"inLanguage\":\"fr-FR\",\"potentialAction\":[{\"@type\":\"ReadAction\",\"target\":[\"https:\/\/agen.umc-europe.org\/eglise\/notre-histoire-introduction\/notre-histoire-pasteur-nyffeler\/\"]}]},{\"@type\":\"BreadcrumbList\",\"@id\":\"https:\/\/agen.umc-europe.org\/eglise\/notre-histoire-introduction\/notre-histoire-pasteur-nyffeler\/#breadcrumb\",\"itemListElement\":[{\"@type\":\"ListItem\",\"position\":1,\"name\":\"Accueil\",\"item\":\"https:\/\/agen.umc-europe.org\/eglise\/\"},{\"@type\":\"ListItem\",\"position\":2,\"name\":\"Notre histoire &#8211; Introduction\",\"item\":\"https:\/\/agen.umc-europe.org\/eglise\/notre-histoire-introduction\/\"},{\"@type\":\"ListItem\",\"position\":3,\"name\":\"Notre histoire &#8211; 2\u00e8me Guerre Mondiale (1931-46)\"}]},{\"@type\":\"WebSite\",\"@id\":\"https:\/\/agen.umc-europe.org\/eglise\/#website\",\"url\":\"https:\/\/agen.umc-europe.org\/eglise\/\",\"name\":\"\u00c9glise Protestante \u00c9vang\u00e9lique M\u00e9thodiste Agen\",\"description\":\"Des chr\u00e9tiens \u00e9vang\u00e9liques au coeur du Lot et Garonne. &quot;Viens et vois!&quot; ( Jean 1:47 )\",\"potentialAction\":[{\"@type\":\"SearchAction\",\"target\":{\"@type\":\"EntryPoint\",\"urlTemplate\":\"https:\/\/agen.umc-europe.org\/eglise\/?s={search_term_string}\"},\"query-input\":\"required name=search_term_string\"}],\"inLanguage\":\"fr-FR\"}]}<\/script>\n<!-- \/ Yoast SEO plugin. -->","yoast_head_json":{"title":"Une \u00e9glise militante pendant la 2nde guerre mondiale","description":"Une \u00e9glise militante pendant la 2nde guerre mondiale","robots":{"index":"index","follow":"follow","max-snippet":"max-snippet:-1","max-image-preview":"max-image-preview:large","max-video-preview":"max-video-preview:-1"},"canonical":"https:\/\/agen.umc-europe.org\/eglise\/notre-histoire-introduction\/notre-histoire-pasteur-nyffeler\/","og_locale":"fr_FR","og_type":"article","og_title":"Une \u00e9glise militante pendant la 2nde guerre mondiale","og_description":"Une \u00e9glise militante pendant la 2nde guerre mondiale","og_url":"https:\/\/agen.umc-europe.org\/eglise\/notre-histoire-introduction\/notre-histoire-pasteur-nyffeler\/","og_site_name":"\u00c9glise Protestante \u00c9vang\u00e9lique M\u00e9thodiste Agen","article_publisher":"https:\/\/www.facebook.com\/EgliseAgen\/","article_modified_time":"2017-12-27T17:26:41+00:00","twitter_card":"summary_large_image","twitter_site":"@EgliseAgen","twitter_misc":{"Dur\u00e9e de lecture estim\u00e9e":"7 minutes"},"schema":{"@context":"https:\/\/schema.org","@graph":[{"@type":"WebPage","@id":"https:\/\/agen.umc-europe.org\/eglise\/notre-histoire-introduction\/notre-histoire-pasteur-nyffeler\/","url":"https:\/\/agen.umc-europe.org\/eglise\/notre-histoire-introduction\/notre-histoire-pasteur-nyffeler\/","name":"Une \u00e9glise militante pendant la 2nde guerre mondiale","isPartOf":{"@id":"https:\/\/agen.umc-europe.org\/eglise\/#website"},"datePublished":"2014-08-30T07:59:29+00:00","dateModified":"2017-12-27T17:26:41+00:00","description":"Une \u00e9glise militante pendant la 2nde guerre mondiale","breadcrumb":{"@id":"https:\/\/agen.umc-europe.org\/eglise\/notre-histoire-introduction\/notre-histoire-pasteur-nyffeler\/#breadcrumb"},"inLanguage":"fr-FR","potentialAction":[{"@type":"ReadAction","target":["https:\/\/agen.umc-europe.org\/eglise\/notre-histoire-introduction\/notre-histoire-pasteur-nyffeler\/"]}]},{"@type":"BreadcrumbList","@id":"https:\/\/agen.umc-europe.org\/eglise\/notre-histoire-introduction\/notre-histoire-pasteur-nyffeler\/#breadcrumb","itemListElement":[{"@type":"ListItem","position":1,"name":"Accueil","item":"https:\/\/agen.umc-europe.org\/eglise\/"},{"@type":"ListItem","position":2,"name":"Notre histoire &#8211; Introduction","item":"https:\/\/agen.umc-europe.org\/eglise\/notre-histoire-introduction\/"},{"@type":"ListItem","position":3,"name":"Notre histoire &#8211; 2\u00e8me Guerre Mondiale (1931-46)"}]},{"@type":"WebSite","@id":"https:\/\/agen.umc-europe.org\/eglise\/#website","url":"https:\/\/agen.umc-europe.org\/eglise\/","name":"\u00c9glise Protestante \u00c9vang\u00e9lique M\u00e9thodiste Agen","description":"Des chr\u00e9tiens \u00e9vang\u00e9liques au coeur du Lot et Garonne. &quot;Viens et vois!&quot; ( Jean 1:47 )","potentialAction":[{"@type":"SearchAction","target":{"@type":"EntryPoint","urlTemplate":"https:\/\/agen.umc-europe.org\/eglise\/?s={search_term_string}"},"query-input":"required name=search_term_string"}],"inLanguage":"fr-FR"}]}},"_links":{"self":[{"href":"https:\/\/agen.umc-europe.org\/eglise\/wp-json\/wp\/v2\/pages\/192"}],"collection":[{"href":"https:\/\/agen.umc-europe.org\/eglise\/wp-json\/wp\/v2\/pages"}],"about":[{"href":"https:\/\/agen.umc-europe.org\/eglise\/wp-json\/wp\/v2\/types\/page"}],"author":[{"embeddable":true,"href":"https:\/\/agen.umc-europe.org\/eglise\/wp-json\/wp\/v2\/users\/2"}],"replies":[{"embeddable":true,"href":"https:\/\/agen.umc-europe.org\/eglise\/wp-json\/wp\/v2\/comments?post=192"}],"version-history":[{"count":16,"href":"https:\/\/agen.umc-europe.org\/eglise\/wp-json\/wp\/v2\/pages\/192\/revisions"}],"predecessor-version":[{"id":4756,"href":"https:\/\/agen.umc-europe.org\/eglise\/wp-json\/wp\/v2\/pages\/192\/revisions\/4756"}],"up":[{"embeddable":true,"href":"https:\/\/agen.umc-europe.org\/eglise\/wp-json\/wp\/v2\/pages\/86"}],"wp:attachment":[{"href":"https:\/\/agen.umc-europe.org\/eglise\/wp-json\/wp\/v2\/media?parent=192"}],"curies":[{"name":"wp","href":"https:\/\/api.w.org\/{rel}","templated":true}]}}